23*b + 3 - 1 + 3*b**2 - 7. Suppose 0 = 3*p - 2*m - 18, 2*p = 3*m - 0*m + 7. Let t(l) = p*g(l) - 3*v(l). What is t(4)?
5
Let o(t) = 6*t - 2 - 18*t - 7 - 4 + 2588*t**3 - 2593*t**3. Give o(-1).
4
Let p(v) = v**3 - 19*v**2 - 22*v + 6. Let g be -10*(3/(-4 - -10))/(14/(-56)). What is p(g)?
-34
Let x(b) = 3*b**2 + b - 2. Let g be x(1). Let o(f) = 5 - 4 - 4 + 2 + 2*f**g. Let i = -50 - -52. Calculate o(i).
7
Let g(u) = -2*u**3 - 23*u**2 - 11*u - 19. Let r(d) = -d**3 - 11*d**2 - 6*d - 9. Let y be (-10)/(-4)*14/(-5). Let a(j) = y*r(j) + 3*g(j). Calculate a(-7).
-8
Let l(q) be the first derivative of q**3 + 9*q**2/2 + 4*q - 843. What is l(-5)?
34
Let c(s) = -8*s**2 - 36*s + 34. Let o(w) = -7*w**2 - 32*w + 35. Let b(r) = -6*c(r) + 7*o(r). Determine b(-12).
-7
Let w(a) be the first derivative of 4*a - 7/2*a**2 + 8/3*a**3 + 39 - 1/4*a**4. What is w(7)?
4
Let k = -24030 + 24000. Let x(j) = -j**2 - 25*j + 160. What is x(k)?
10
Let f(s) = 57*s**2 + 5*s. Let b(h) = -77*h**2 - 5*h + 1. Let r(a) = 3*b(a) + 4*f(a). Suppose -4*i + 36 = 5*j, 2*i - 2 - 10 = -j. Give r(i).
-25
Let b(g) = -2*g - 6. Let r be 4/((-4)/9) - -6. Let q(f) = 3*f + 5. Let n(u) = r*q(u) - 4*b(u). Give n(4).
5
Let k(u) = u**2 + u - 9. Let d = -194 - -225. Let z(x) = x**2 - 30*x - 31. Let v be z(d). Give k(v).
-9
Let a(o) = 3*o**2 + 9*o - 9. Let m(u) = -2*u**2 - 10*u + 10. Let i(l) = -3*a(l) - 4*m(l). Let g = -157 + 169. Calculate i(g).
-1
Let z be 34/(-5)*(57 - 5 - -13). Let y = 442 + z. Let p(b) = b**2 - b + 2. Calculate p(y).
2
Let p(n) = -n**3 + 19*n**2 - 35*n - 39. Suppose -5*v = -5*c - 95, -v + 181 = -3*c + 158. What is p(v)?
-56
Let w(y) be the second derivative of y**5/20 + y**4/24 - y**3/3 - 57*y**2 - 38*y + 2. Let m(r) be the first derivative of w(r). Give m(-3).
22
Let h(d) = d**3 + 40*d**2 + d - 2. Let t(y) = 3*y**3 + 187*y**2 - 4*y - 32. Let i(w) = -5*h(w) + t(w). Calculate i(-6).
-4
Let r(f) be the third derivative of -f**5/12 + 23*f**4/24 - 7*f**3/6 - 28*f**2 - 2*f - 25. What is r(4)?
5
Let t(h) = -h**3 + 27*h**2 + 5371*h - 259. Let m be t(88). Let y(o) = 3*o**2 - 2*o - 1. Let u be y(-1). Let g(c) = c**2 - 2*c + 4 + 2 - u*c. Give g(m).
1
Let p = -13 - -18. Suppose 0 = 3*w + 3*u - 21, w - 1 = 4*u - 19. Let g(z) = 5*z**3 + 38*z**2 - 4*z**3 - 4*z - 42*z**w + 6 + 0*z. Give g(p).
11
Let j(m) = m**3 + 5*m**2 - 5*m + 2. Let x(v) = v**3 - 3*v**2 - v - 1. Let a(f) = -j(f) + 3*x(f). Determine a(7).
9
Let m(j) = -48 + 196 + 235*j - 244*j. Let p be m(17). Let y(n) = n**2 + 6*n + 11. Calculate y(p).
6
Let a(o) = 54 - 16 - 13 - 8 - 12 + o. Give a(3).
8
Suppose 3*z = 4*l - 37, 3*z + 67 = l + 42. Let s(n) = -3*n**2 - 11*n - 4. Let g(k) = -13*k**2 - 44*k - 15. Let p(u) = -2*g(u) + 9*s(u). Determine p(z).
22
Let m(u) = -3*u - 6. Let a = 31 - 24. Let v = a - -23. Suppose 28 = -3*q + 2*s + 9, -4*q + 5*s - v = 0. Calculate m(q).
9
Let j(t) = -7*t**3 - 11*t**2 - 2*t - 2. Let u(r) = 9*r**3 + 15*r**2 + 4*r + 3. Let s(m) = -4*j(m) - 3*u(m). What is s(4)?
31
Suppose 4*o = -5*j - 8 - 15, 0 = -4*j - 3*o - 19. Let f(a) = -a**3 - 2*a + 8*a + 5 + a - 6*a**2. What is f(j)?
5
Let d(f) = 51*f - 179. Let r(b) = 12*b - 43. Let x(o) = -6*d(o) + 25*r(o). Suppose 0*j = 2*j. Suppose 15 = -j*p + 5*p. Determine x(p).
-19
Let y(f) = -8*f + 3 - 4 + 41214432*f**2 - 41214433*f**2. Give y(0).
-1
Let j be 24/60 - (-138)/5. Let p be -5*1*j/20. Let m(r) be the first derivative of r**4/4 + 2*r**3 - 7*r**2/2 - r - 1. What is m(p)?
-1
Let q(f) = 26*f - 8 - 8 - 16*f - 9*f + 23. Calculate q(-19).
-12
Let c(o) be the third derivative of o**6/30 + o**5/120 + o**3/3 + o**2. Let b(s) be the first derivative of c(s). Suppose 46 - 124 = 204*a + 126. What is b(a)?
11
Let o(n) = 2065 - 16*n - n - 838 - 536. Determine o(41).
-6
Let z(h) = -h**3 - 6*h**2 + 57*h + 26. Let t = 755 - 766. Calculate z(t).
4
Suppose -4 = 2*y - o, -16 + 20 = 5*y + o. Let w(a) = y*a + 7*a - 12*a + 2*a + 12. What is w(11)?
-21
Let d be (1 - 2) + 6/(-1). Let j(m) be the second derivative of m**4/12 + 5*m**3/3 + 9*m**2/2 - 253715*m. Give j(d).
-12
Let u(k) be the third derivative of -k**4/24 + 23*k**3/3 + 301*k**2 - 4*k. Determine u(39).
7
Let n = 2666 - 2667. Let s(b) = -31*b**2 + b + 2. Determine s(n).
-30
Suppose -5*s + 72 = -83. Let j = 36 - s. Let p(n) = 2*n + 1. Calculate p(j).
11
Let v(u) = 3*u**2 + 2*u**2 + 9 - 62*u**3 + 6*u - 109*u**3 + 274*u**3 - 100*u**3. Determine v(-3).
-45
Let v = -64 + 76. Let i(a) = -18*a - 5. Let n(m) = -58*m - 14. Let u(k) = 16*i(k) - 5*n(k). What is u(v)?
14
Let x be 2*((-39)/(-6) + -7). Let z(j) = -6*j**2 - 5*j. Let r(s) = -19*s**2 - 14*s. Let f(i) = -6*r(i) + 17*z(i). What is f(x)?
13
Let x(b) = -997*b**2 - 998*b**2 + 3*b**3 - 4*b**3 + 2992*b**2 - 995*b**2 + 1. Suppose 0 = -r + 3. Determine x(r).
-8
Let a(y) = 3*y. Let h be a(0). Suppose 3*u = -5*i, -2*i = -h*i - 3*u - 21. Let o(g) = -i*g + 2*g + 4 + g - 7*g - g**2. Calculate o(-7).
4
Let a(c) be the second derivative of -7*c**5/60 - c**3/2 - c**2 - 57*c. Let i(u) be the second derivative of a(u). What is i(2)?
-28
Let l(p) = 2*p**2 - 5. Let g = -596 - -603. Calculate l(g).
93
Let g(y) = -y**2 + 14*y - 37. Let t be g(5). Suppose 5*b + 6 = -4*v - 0, -3*v = 2*b + t. Let w(k) = -5*k**3 - 2*k**b - k**2 - k + k**2. Calculate w(-1).
4
Let m(r) be the third derivative of 2*r**2 + 1/12*r**4 + 14 + 1/60*r**5 - 1/6*r**3 + 0*r. Suppose 2*p + 6 = -0*p. Determine m(p).
2
Let c(h) = -14 + 5 - 1977*h + 1997*h - 2. Give c(4).
69
Let r(o) = 54 - 82 + 18 - 7*o + 43 + 27. Calculate r(10).
-10
Suppose 25 + 13 = 19*u. Let c(o) = 2499*o**3 + 4*o + 3*o**u - 2500*o**3 - o**2. Calculate c(3).
3
Let q(f) be the first derivative of -f**2/2 - f - 798. Let r(h) = 4*h**2 + 2*h + 1. Let i be r(-1). Suppose 0 = -i*t - 3 - 9. Determine q(t).
3
Let o = -123 + -126. Let u = o - -252. Let k(t) = -14*t - 4. Calculate k(u).
-46
Let l be (-5)/(14 - 4) - 318/(-12). Suppose l*q = -8*q + 136. Let v(d) be the third derivative of d**6/120 - d**5/15 - d**4/24 + d**3/3 - d**2. Give v(q).
-2
Let a(w) = 2*w + 3 + 5 + 3. Let p be (-3)/(-12 + (-1386)/(-112)). Determine a(p).
-5
Let z(m) = -2*m**3 + 8*m**2 + 5*m + 2. Let y be (67 + -62)/(8/12 + 2/6). Calculate z(y).
-23
Let s(h) = -54*h**2 - 120*h + 33. Let v(j) = 16*j**2 + 40*j - 11. Let b(a) = -2*s(a) - 7*v(a). Give b(-13).
-145
Let k(g) = 11*g**2 + 3*g + 5. Let u(b) = -8*b**2 - 4*b - 5. Let l(m) = 3*k(m) + 4*u(m). Let x(c) = -5*c + 25. Let q be x(3). Calculate l(q).
25
Let k(x) be the second derivative of -13*x**3/6 - 2*x**2 + 1131*x. Give k(-4).
48
Let q(u) be the second derivative of -7/2*u**2 + 21*u - 2 - 1/3*u**3. Give q(-6).
5
Let s(j) be the second derivative of 0 - j**2 - 53*j + 0*j**3 + 1/12*j**4. What is s(3)?
7
Let a(k) = k**2 - 3*k - 1. Let p = -10 + 7. Let t = p - -42. Let x = t - 36. What is a(x)?
-1
Let n(u) = 8*u + 1. Let y(m) = -m**3 - 6*m**2 + 2*m - 6. Let w be y(-6). Let h be (6/(-8))/(w/(-48)). Give n(h).
-15
Suppose n + 3*s + 619 = 0, n - 3*s = -527 - 80. Let i = n + 607. Let z(f) = f**2 + 8*f + 2. Calculate z(i).
-10
Let o(p) = 9*p**2 - p + 0*p - 2 - 2*p. Let z(v) = -17*v**2 + 5*v + 3. Let t = -1438 + 1434. Let l(s) = t*z(s) - 7*o(s). What is l(-2)?
20
Let n(k) = -2*k**2 + 117*k + 895. Let c be n(-7). Let y(g) = -g**2 - 28*g - 33. Give y(c).
99
Suppose -l - 4*l = -4*l + 4. Let q(n) = 7*n + 35. Determine q(l).
7
Let h be (-155)/40 + -4 + 1/(-8). Let g = -248 + 395. Let w(b) = 148*b**3 - g*b**3 - 8*b + 1 + 7*b**2 + 4. Determine w(h).
5
Let g(n) = -4*n - 6. Suppose 22*x - 24 = 26*x. Let b be (-22)/(-10) - x/(-30). Suppose i + 0*o - b*o = -14, 0 = 5*i + 4*o. What is g(i)?
10
Let g(b) be the third derivative of -1/24*b**4 - 151*b**2 - 1/3*b**3 + 0 + 0*b + 1/40*b**6 + 0*b**5. What is g(-2)?
-24
Suppose 171*k - 178*k - 35 = 0. Let a(t) be the third derivative of t**4/24 + 2*t**3 + 34*t**2. What is a(k)?
7
Let x = 124 + -126. Let a(m) be the second derivative of -m**4/12 - 2*m**3/3 - 3*m**2/2 - 637*m. Calculate a(x).
1
Suppose -m - 2*p + 13 = 0, 0 = -4*m + 5*p - 2 - 11. Let v(a) be the second derivative of -1/3*a**m + 0 + 9/2*a**2 + 15*a. Calculate v(6).
-3
Let l(o) = 10*o**2 - 225*o - 33. Let i(u) = -4*u**2 + 84*u + 11. Let x(z) = -8*i(z) - 3*l(z). What is x(6)?
101
Let n(m) be the first derivative of 0*m - 46 + 27/2*m**2 + 13/6*m**3 + 1/24*m**4. Let b(s) be the s